{"id":12,"date":"2022-09-21T07:31:46","date_gmt":"2022-09-21T07:31:46","guid":{"rendered":"https:\/\/demo.creativethemes.com\/blocksy\/wood\/?page_id=12"},"modified":"2023-10-30T09:31:11","modified_gmt":"2023-10-30T08:31:11","slug":"about","status":"publish","type":"page","link":"https:\/\/nicolasbeau-ebeniste.com\/index.php\/about\/","title":{"rendered":"About"},"content":{"rendered":"\n<div class=\"wp-block-stackable-columns alignfull stk-block-columns stk-block stk-d237c83 stk-block-background stk--has-background-overlay\" data-block-id=\"d237c83\"><style>.stk-d237c83{background-color:#000000 !important;background-image:url(https:\/\/nicolasbeau-ebeniste.com\/wp-content\/uploads\/2022\/09\/hero-background-image.webp) !important;padding-top:150px !important;padding-bottom:50px !important;margin-bottom:0px !important}.stk-d237c83:before{background-color:#000000 !important;opacity:0.3 !important}@media screen and (max-width:999px){.stk-d237c83{padding-top:150px !important;padding-bottom:100px !important}}<\/style><div class=\"stk-row stk-inner-blocks stk-block-content stk-content-align stk-d237c83-column\">\n<div class=\"wp-block-stackable-column stk-block-column stk-column stk-block stk-ef9835c\" data-v=\"4\" data-block-id=\"ef9835c\"><style>.stk-ef9835c-container{margin-top:0px !important;margin-right:0px !important;margin-bottom:0px !important;margin-left:0px !important}.stk-ef9835c{max-width:700px !important;margin-right:auto !important;margin-left:auto !important}<\/style><div class=\"stk-column-wrapper stk-block-column__content stk-container stk-ef9835c-container stk--no-background stk--no-padding\"><div class=\"stk-block-content stk-inner-blocks stk-ef9835c-inner-blocks\">\n<div class=\"wp-block-stackable-heading stk-block-heading stk-block-heading--v2 stk-block stk-f9787f4\" id=\"qui-sommes-nous\" data-block-id=\"f9787f4\"><style>.stk-f9787f4 .stk-block-heading__text{font-size:50px !important;color:var(--theme-palette-color-8,#ffffff) !important}@media screen and (max-width:999px){.stk-f9787f4 .stk-block-heading__text{font-size:35px !important}}@media screen and (max-width:689px){.stk-f9787f4 .stk-block-heading__text{font-size:30px !important}}<\/style><h2 class=\"stk-block-heading__text has-text-color has-text-align-center stk-block-heading--use-theme-margins\">Qui sommes-nous ?<\/h2><\/div>\n<\/div><\/div><\/div>\n<\/div><\/div>\n\n\n\n<div class=\"wp-block-stackable-spacer stk-block-spacer stk--no-padding stk-block stk-158adf2\" data-block-id=\"158adf2\"><style>.stk-158adf2{height:130px !important}@media screen and (max-width:999px){.stk-158adf2{height:80px !important}}@media screen and (max-width:689px){.stk-158adf2{height:60px !important}}<\/style><\/div>\n\n\n\n<p>Ou plut\u00f4t qui suis-je, puisque cet atelier est actuellement une entreprise unipersonnelle ? Mon projet a pris corps dans le cadre d&rsquo;une reconversion professionnelle. \u00c0 l&rsquo;origine, je travaillais en r\u00e9gion parisienne dans un cabinet de conseil d\u00e9di\u00e9 aux syst\u00e8mes d&rsquo;information. Mais apr\u00e8s une grosse dizaine d&rsquo;ann\u00e9es, je souhaitais passer \u00e0 autre chose.<\/p>\n\n\n\n<p>D\u00e9j\u00e0, je voulais travailler de mes mains, produire quelque chose qui puisse apporter un peu de bonheur aux gens, et avec un cadre \u00e0 dimension humaine. Fini les projets avec beaucoup trop de z\u00e9ro avant la virgule, les r\u00e9unions \u00e0 n&rsquo;en plus finir pour g\u00e9rer beaucoup trop de gens impliqu\u00e9s\u2026<\/p>\n\n\n\n<p>Ensuite, je voulais m&rsquo;int\u00e9grer \u00e0 la transition \u00e9cologique, sociale et solidaire, faire quelque chose \u00e0 mon \u00e9chelle pour un monde un peu plus raisonnable pour la nature et un peu meilleur pour le genre humain\u2026&nbsp;<\/p>\n\n\n\n<div class=\"wp-block-stackable-image alignright stk-block-image has-text-align-right stk-block stk-5eab0dc\" data-block-id=\"5eab0dc\"><style>.stk-5eab0dc{max-width:639px !important}.stk-5eab0dc .stk-img-wrapper{width:100% !important}<\/style><figure class=\"stk-img-wrapper stk-image--shape-stretch\"><img loading=\"lazy\" decoding=\"async\" class=\"stk-img wp-image-444\" src=\"https:\/\/nicolasbeau-ebeniste.com\/wp-content\/uploads\/2023\/10\/Je-dirai-juste-avant-guerre.jpg\" width=\"1581\" height=\"1003\" alt=\"Menuiserie BEAU, probablement dans les ann\u00e9es 30\" srcset=\"https:\/\/nicolasbeau-ebeniste.com\/wp-content\/uploads\/2023\/10\/Je-dirai-juste-avant-guerre.jpg 1581w, https:\/\/nicolasbeau-ebeniste.com\/wp-content\/uploads\/2023\/10\/Je-dirai-juste-avant-guerre-300x190.jpg 300w, https:\/\/nicolasbeau-ebeniste.com\/wp-content\/uploads\/2023\/10\/Je-dirai-juste-avant-guerre-1024x650.jpg 1024w, https:\/\/nicolasbeau-ebeniste.com\/wp-content\/uploads\/2023\/10\/Je-dirai-juste-avant-guerre-768x487.jpg 768w, https:\/\/nicolasbeau-ebeniste.com\/wp-content\/uploads\/2023\/10\/Je-dirai-juste-avant-guerre-1536x974.jpg 1536w\" sizes=\"auto, (max-width: 1581px) 100vw, 1581px\" \/><\/figure><\/div>\n\n\n\n<p>Enfin, je voulais faire du mobilier. C&rsquo;est une id\u00e9e qui me trottait en t\u00eate depuis des ann\u00e9es, tout simplement car il y a trop de choses qui ne me vont pas, que je ne comprends pas dans l&rsquo;univers du meuble et de la d\u00e9co. Pourquoi on fait encore des cuisines ou la moiti\u00e9 des placards ne sont pas accessibles, pourquoi on utilise encore massivement le m\u00e9lamin\u00e9s alors que c&rsquo;est plein de polluants et de plastiques, pourquoi on n&rsquo;est pas foutu de valoriser les 75cm en moyenne entre notre t\u00eate et le plafond et qui ne servent \u00e0 rien sinon \u00e0 bouffer du chauffage, pourquoi on a tous les m\u00eames meubles qui tombent en ruines d\u00e8s qu&rsquo;on d\u00e9m\u00e9nage ? On ne peut pas faire mieux, plus sain, meilleur pour la plan\u00e8te, \u00e0 un prix qui n&rsquo;exclue pas 90% des gens ? Je n&rsquo;ai pas la r\u00e9ponse \u00e0 la question mais la d\u00e9couvrir est l&rsquo;objectif de cet atelier !&nbsp;<\/p>\n\n\n\n<p>Pour l&rsquo;anecdote, le bois et le mobilier est aussi une vieille histoire de famille. Il y a eu une menuiserie Beau qui prenait trois num\u00e9ro rue Raynouard (<em>photo ci-contre<\/em>), juste \u00e0 c\u00f4t\u00e9 de l&rsquo;actuelle maison de la radio dans le seizi\u00e8me arrondissement de Paris jusque dans les ann\u00e9es 70. La famille a remont\u00e9 l&rsquo;arbre g\u00e9n\u00e9alogique pour trouver des artisans du bois d\u00e8s 1713 ! Sacr\u00e9 aventure familiale que je me ferai un plaisir de prolonger un peu !&nbsp;<\/p>\n\n\n\n<p>Maintenant qu&rsquo;on sait le pourquoi du comment, \u00e7a veut dire quoi un atelier ancr\u00e9 dans la transition \u00e9cologique sociale et solidaire ? D\u00e9couvrez mes investigations pour trouver la r\u00e9ponse dans <a href=\"https:\/\/nicolasbeau-ebeniste.com\/index.php\/nos-valeurs\/\">les pages consacr\u00e9es aux valeurs de l&rsquo;atelier<\/a> !<\/p>\n\n\n\n<div class=\"wp-block-stackable-spacer stk-block-spacer stk--no-padding stk-block stk-96d19bb\" data-block-id=\"96d19bb\"><style>.stk-96d19bb{height:130px !important}@media screen and (max-width:999px){.stk-96d19bb{height:100px !important}}@media screen and (max-width:689px){.stk-96d19bb{height:60px !important}}<\/style><\/div>\n\n\n\n<div class=\"wp-block-stackable-spacer stk-block-spacer stk--no-padding stk-block stk-a74369d\" data-block-id=\"a74369d\"><style>.stk-a74369d{height:100px !important}@media screen and (max-width:999px){.stk-a74369d{height:50px !important}}@media screen and (max-width:689px){.stk-a74369d{height:30px !important}}<\/style><\/div>\n","protected":false},"excerpt":{"rendered":"<p>Qui sommes-nous ? Ou plut\u00f4t qui suis-je, puisque cet atelier est actuellement une entreprise unipersonnelle ? Mon projet a pris corps dans le cadre d&rsquo;une reconversion professionnelle. \u00c0 l&rsquo;origine, je travaillais en r\u00e9gion parisienne dans un cabinet de conseil d\u00e9di\u00e9 aux syst\u00e8mes d&rsquo;information. Mais apr\u00e8s une grosse dizaine d&rsquo;ann\u00e9es, je souhaitais passer \u00e0 autre chose. [&hellip;]<\/p>\n","protected":false},"author":1,"featured_media":0,"parent":0,"menu_order":0,"comment_status":"closed","ping_status":"closed","template":"","meta":{"footnotes":""},"class_list":["post-12","page","type-page","status-publish","hentry"],"blocksy_meta":{"styles_descriptor":{"styles":{"desktop":"","tablet":"","mobile":""},"google_fonts":[],"version":6},"page_title_panel":"","has_hero_section":"disabled","30bc2ffcfb8806c7c5c158e966a65760":"","hero_section":"type-1","hero_elements":[{"id":"custom_title","enabled":true,"heading_tag":"h1","title":"Home"},{"id":"custom_description","enabled":true,"description_visibility":{"desktop":true,"tablet":true,"mobile":false}},{"id":"custom_meta","enabled":false,"meta_elements":[{"id":"author","enabled":true,"label":"By","has_author_avatar":"yes","avatar_size":25},{"id":"post_date","enabled":true,"label":"On","date_format_source":"default","date_format":"M j, Y"},{"id":"updated_date","enabled":false,"label":"On","date_format_source":"default","date_format":"M j, Y"},{"id":"categories","enabled":false,"label":"In","style":"simple"},{"id":"comments","enabled":true}],"page_meta_elements":{"joined":true,"articles_count":true,"comments":true}},{"id":"breadcrumbs","enabled":false}],"055c9ea96aa1d3b3012b15ac5702cc32":"","hero_alignment1":"CT_CSS_SKIP_RULE","hero_margin":40,"hero_alignment2":"center","hero_vertical_alignment":"center","f3bf3006ea8c007c3d38f124746bfa69":"","hero_structure":"narrow","3b08f62b2d3d61f1e4ab90d33ca533ce":"","page_title_bg_type":"featured_image","custom_hero_background":{"attachment_id":null},"page_title_image_size":"full","parallax":{"desktop":false,"tablet":false,"mobile":false},"8054fd0d19580bce629d54e8b2c1c046":"","hero_height":"250px","pageTitleFont":{"family":"Default","variation":"Default","size":"30px","line-height":"CT_CSS_SKIP_RULE","letter-spacing":"CT_CSS_SKIP_RULE","text-transform":"CT_CSS_SKIP_RULE","text-decoration":"CT_CSS_SKIP_RULE"},"pageTitleFontColor":{"default":{"color":"CT_CSS_SKIP_RULEDEFAULT"}},"pageMetaFont":{"family":"Default","variation":"n6","size":"12px","line-height":"1.3","letter-spacing":"CT_CSS_SKIP_RULE","text-transform":"uppercase","text-decoration":"CT_CSS_SKIP_RULE"},"pageMetaFontColor":{"default":{"color":"CT_CSS_SKIP_RULEDEFAULT"},"hover":{"color":"CT_CSS_SKIP_RULEDEFAULT"}},"page_meta_button_type_font_colors":{"default":{"color":"CT_CSS_SKIP_RULEDEFAULT"},"hover":{"color":"CT_CSS_SKIP_RULEDEFAULT"}},"page_meta_button_type_background_colors":{"default":{"color":"CT_CSS_SKIP_RULEDEFAULT"},"hover":{"color":"CT_CSS_SKIP_RULEDEFAULT"}},"pageExcerptFont":{"family":"Default","variation":"Default","size":"CT_CSS_SKIP_RULE","line-height":"CT_CSS_SKIP_RULE","letter-spacing":"CT_CSS_SKIP_RULE","text-transform":"CT_CSS_SKIP_RULE","text-decoration":"CT_CSS_SKIP_RULE"},"pageExcerptColor":{"default":{"color":"CT_CSS_SKIP_RULEDEFAULT"}},"breadcrumbsFont":{"family":"Default","variation":"Default","size":"CT_CSS_SKIP_RULE","line-height":"CT_CSS_SKIP_RULE","letter-spacing":"CT_CSS_SKIP_RULE","text-transform":"CT_CSS_SKIP_RULE","text-decoration":"CT_CSS_SKIP_RULE"},"breadcrumbsFontColor":{"default":{"color":"CT_CSS_SKIP_RULEDEFAULT"},"initial":{"color":"CT_CSS_SKIP_RULEDEFAULT"},"hover":{"color":"CT_CSS_SKIP_RULEDEFAULT"}},"pageTitleOverlay":{"background_type":"color","background_pattern":"type-1","background_image":{"attachment_id":null,"x":0,"y":0},"gradient":"linear-gradient(135deg,rgba(6,147,227,1) 0%,rgb(155,81,224) 100%)","background_repeat":"repeat","background_size":"auto","background_attachment":"scroll","patternColor":{"default":{"color":"#e5e7ea"}},"overlayColor":{"default":{"color":"CT_CSS_SKIP_RULE"}},"backgroundColor":{"default":{"color":"CT_CSS_SKIP_RULE"}}},"pageTitleBackground":{"background_type":"color","background_pattern":"type-1","background_image":{"attachment_id":null,"x":0,"y":0},"gradient":"linear-gradient(135deg,rgba(6,147,227,1) 0%,rgb(155,81,224) 100%)","background_repeat":"repeat","background_size":"auto","background_attachment":"scroll","patternColor":{"default":{"color":"#e5e7ea"}},"overlayColor":{"default":{"color":"CT_CSS_SKIP_RULE"}},"backgroundColor":{"default":{"color":"var(--theme-palette-color-6)"}}},"pageTitlePadding":{"top":"50px","bottom":"50px","left":"auto","right":"auto","linked":true},"295552b992ae0b3e5ed6d86c208e1a9b":"","page_structure_type":"default","9c977c51da051d8e9d3bfa2534ee29fe":"","content_style_source":"inherit","content_style":"wide","vertical_spacing_source":"custom","content_area_spacing":"none","background":{"background_type":"color","background_pattern":"type-1","background_image":{"attachment_id":null,"x":0,"y":0},"gradient":"linear-gradient(135deg,rgba(6,147,227,1) 0%,rgb(155,81,224) 100%)","background_repeat":"repeat","background_size":"auto","background_attachment":"scroll","patternColor":{"default":{"color":"#e5e7ea"}},"overlayColor":{"default":{"color":"CT_CSS_SKIP_RULE"}},"backgroundColor":{"default":{"color":"CT_CSS_SKIP_RULE"}}},"content_background":{"background_type":"color","background_pattern":"type-1","background_image":{"attachment_id":null,"x":0,"y":0},"gradient":"linear-gradient(135deg,rgba(6,147,227,1) 0%,rgb(155,81,224) 100%)","background_repeat":"repeat","background_size":"auto","background_attachment":"scroll","patternColor":{"default":{"color":"#e5e7ea"}},"overlayColor":{"default":{"color":"CT_CSS_SKIP_RULE"}},"backgroundColor":{"default":{"color":"var(--theme-palette-color-8)"}}},"content_boxed_shadow":{"inherit":false,"blur":18,"spread":-6,"v_offset":12,"h_offset":0,"inset":false,"enable":true,"color":{"color":"rgba(34, 56, 101, 0.04)"}},"content_boxed_border":{"width":1,"style":"none","color":{"color":"rgba(44,62,80,0.2)"}},"content_boxed_radius":{"top":"3px","bottom":"3px","left":"3px","right":"3px","linked":true},"boxed_content_spacing":{"desktop":{"top":"40px","bottom":"40px","left":"40px","right":"40px","linked":true},"tablet":{"top":"35px","bottom":"35px","left":"35px","right":"35px","linked":true},"mobile":{"top":"20px","bottom":"20px","left":"20px","right":"20px","linked":true}},"3d8f2192bb3e81289975adccbeaf9c52":"","disable_featured_image":"no","disable_share_box":"no","disable_header":"no","disable_footer":"no"},"_links":{"self":[{"href":"https:\/\/nicolasbeau-ebeniste.com\/index.php\/wp-json\/wp\/v2\/pages\/12","targetHints":{"allow":["GET"]}}],"collection":[{"href":"https:\/\/nicolasbeau-ebeniste.com\/index.php\/wp-json\/wp\/v2\/pages"}],"about":[{"href":"https:\/\/nicolasbeau-ebeniste.com\/index.php\/wp-json\/wp\/v2\/types\/page"}],"author":[{"embeddable":true,"href":"https:\/\/nicolasbeau-ebeniste.com\/index.php\/wp-json\/wp\/v2\/users\/1"}],"replies":[{"embeddable":true,"href":"https:\/\/nicolasbeau-ebeniste.com\/index.php\/wp-json\/wp\/v2\/comments?post=12"}],"version-history":[{"count":4,"href":"https:\/\/nicolasbeau-ebeniste.com\/index.php\/wp-json\/wp\/v2\/pages\/12\/revisions"}],"predecessor-version":[{"id":518,"href":"https:\/\/nicolasbeau-ebeniste.com\/index.php\/wp-json\/wp\/v2\/pages\/12\/revisions\/518"}],"wp:attachment":[{"href":"https:\/\/nicolasbeau-ebeniste.com\/index.php\/wp-json\/wp\/v2\/media?parent=12"}],"curies":[{"name":"wp","href":"https:\/\/api.w.org\/{rel}","templated":true}]}}